{"id":737,"date":"2024-05-21T16:21:26","date_gmt":"2024-05-21T19:21:26","guid":{"rendered":"https:\/\/brechocabidechic.com.br\/?post_type=product&#038;p=737"},"modified":"2024-05-21T16:30:49","modified_gmt":"2024-05-21T19:30:49","slug":"calca-de-couro-cenoura","status":"publish","type":"product","link":"https:\/\/brechocabidechic.com.br\/?product=calca-de-couro-cenoura","title":{"rendered":"Cal\u00e7a de couro cenoura"},"content":{"rendered":"<p>Cal\u00e7a de couro forrada cenoura da marca nk. com bolsos laterais, e z\u00edper na barra. semi nova.<\/p>\n<p>medidas: comprimento 104cm | quadril 90cm | cintura 78 cm<\/p>\n<p>composi\u00e7\u00e3o: 100% couro legitimo | forro; 100% acetato.<\/p>\n<p>cod. 01625605.598<\/p>\n","protected":false},"excerpt":{"rendered":"<p>Cal\u00e7a de couro forrada cenoura da marca nk. com bolsos laterais, e z\u00edper na barra. semi nova. medidas: comprimento 104cm | quadril 90cm | cintura 78 cm composi\u00e7\u00e3o: 100% couro legitimo | forro; 100% acetato. cod. 01625605.598<\/p>\n","protected":false},"featured_media":738,"comment_status":"open","ping_status":"closed","template":"","meta":[],"product_cat":[15],"product_tag":[],"class_list":{"0":"post-737","1":"product","2":"type-product","3":"status-publish","4":"has-post-thumbnail","6":"product_cat-calcas","8":"first","9":"instock","10":"shipping-taxable","11":"purchasable","12":"product-type-simple"},"_links":{"self":[{"href":"https:\/\/brechocabidechic.com.br\/index.php?rest_route=\/wp\/v2\/product\/737"}],"collection":[{"href":"https:\/\/brechocabidechic.com.br\/index.php?rest_route=\/wp\/v2\/product"}],"about":[{"href":"https:\/\/brechocabidechic.com.br\/index.php?rest_route=\/wp\/v2\/types\/product"}],"replies":[{"embeddable":true,"href":"https:\/\/brechocabidechic.com.br\/index.php?rest_route=%2Fwp%2Fv2%2Fcomments&post=737"}],"wp:featuredmedia":[{"embeddable":true,"href":"https:\/\/brechocabidechic.com.br\/index.php?rest_route=\/wp\/v2\/media\/738"}],"wp:attachment":[{"href":"https:\/\/brechocabidechic.com.br\/index.php?rest_route=%2Fwp%2Fv2%2Fmedia&parent=737"}],"wp:term":[{"taxonomy":"product_cat","embeddable":true,"href":"https:\/\/brechocabidechic.com.br\/index.php?rest_route=%2Fwp%2Fv2%2Fproduct_cat&post=737"},{"taxonomy":"product_tag","embeddable":true,"href":"https:\/\/brechocabidechic.com.br\/index.php?rest_route=%2Fwp%2Fv2%2Fproduct_tag&post=737"}],"curies":[{"name":"wp","href":"https:\/\/api.w.org\/{rel}","templated":true}]}}