{"id":841,"date":"2024-06-25T18:35:41","date_gmt":"2024-06-25T21:35:41","guid":{"rendered":"https:\/\/brechocabidechic.com.br\/?post_type=product&#038;p=841"},"modified":"2024-06-25T18:35:41","modified_gmt":"2024-06-25T21:35:41","slug":"casaqueto-de-la-na-cor-chumbo","status":"publish","type":"product","link":"https:\/\/brechocabidechic.com.br\/?product=casaqueto-de-la-na-cor-chumbo","title":{"rendered":"Casaqueto de l\u00e3 na cor chumbo"},"content":{"rendered":"<p>Casaqueto de l\u00e3 na cor chumbo, marca Lacoste, tamanho 36<\/p>\n<p>medidas: comprimento 55cm l manga 68cm l busto 96cm | cintura: 90 cm<\/p>\n<p>Composi\u00e7\u00e3o: 70% l\u00e3 | 20% poliamida | 10% cashmere<\/p>\n<p>cod.04390092.259<\/p>\n","protected":false},"excerpt":{"rendered":"<p>Casaqueto de l\u00e3 na cor chumbo, marca Lacoste, tamanho 36 medidas: comprimento 55cm l manga 68cm l busto 96cm | cintura: 90 cm Composi\u00e7\u00e3o: 70% l\u00e3 | 20% poliamida | 10% cashmere cod.04390092.259<\/p>\n","protected":false},"featured_media":831,"comment_status":"open","ping_status":"closed","template":"","meta":[],"product_cat":[86],"product_tag":[],"class_list":{"0":"post-841","1":"product","2":"type-product","3":"status-publish","4":"has-post-thumbnail","6":"product_cat-casaqueto","8":"first","9":"instock","10":"shipping-taxable","11":"purchasable","12":"product-type-simple"},"_links":{"self":[{"href":"https:\/\/brechocabidechic.com.br\/index.php?rest_route=\/wp\/v2\/product\/841"}],"collection":[{"href":"https:\/\/brechocabidechic.com.br\/index.php?rest_route=\/wp\/v2\/product"}],"about":[{"href":"https:\/\/brechocabidechic.com.br\/index.php?rest_route=\/wp\/v2\/types\/product"}],"replies":[{"embeddable":true,"href":"https:\/\/brechocabidechic.com.br\/index.php?rest_route=%2Fwp%2Fv2%2Fcomments&post=841"}],"wp:featuredmedia":[{"embeddable":true,"href":"https:\/\/brechocabidechic.com.br\/index.php?rest_route=\/wp\/v2\/media\/831"}],"wp:attachment":[{"href":"https:\/\/brechocabidechic.com.br\/index.php?rest_route=%2Fwp%2Fv2%2Fmedia&parent=841"}],"wp:term":[{"taxonomy":"product_cat","embeddable":true,"href":"https:\/\/brechocabidechic.com.br\/index.php?rest_route=%2Fwp%2Fv2%2Fproduct_cat&post=841"},{"taxonomy":"product_tag","embeddable":true,"href":"https:\/\/brechocabidechic.com.br\/index.php?rest_route=%2Fwp%2Fv2%2Fproduct_tag&post=841"}],"curies":[{"name":"wp","href":"https:\/\/api.w.org\/{rel}","templated":true}]}}